 Give t(12).
86
Let k(y) = 24*y - 446. Give k(17).
-38
Let u(t) = 5198*t - 20790. Determine u(4).
2
Let u(w) = 64*w**3 - 13*w - 6. Determine u(-2).
-492
Let l(s) = s**3 + 10*s**2 - 24*s + 59. Calculate l(-13).
-136
Let j(a) = 32*a - 160. Determine j(-21).
-832
Let d(c) = 5*c**3 - 15*c**2 - 112*c + 353. What is d(3)?
17
Let j(o) = -o**3 + 13*o**2 + 66*o + 19. What is j(17)?
-15
Let c(x) = -21*x**2 + 3319*x - 149. Calculate c(158).
9
Let z(p) = 26*p + 548. Determine z(-20).
28
Let q(t) = -4*t**3 + 90*t**2 + 53*t + 43. Calculate q(23).
204
Let g(u) = 29*u - 751. Calculate g(26).
3
Let f(o) = 2*o**3 - 7*o**2 + 188*o + 1058. Calculate f(-6).
-754
Let y(c) = 5*c**2 + 23*c + 87. Calculate y(-5).
97
Let p(f) = f**3 - 795*f**2 - 1593*f - 5. Determine p(-2).
-7
Let a(m) = m**3 - 6*m**2 - 166*m + 69. Determine a(15).
-396
Let f(n) = -n**2 + 8*n + 5610. Calculate f(79).
1
Let g(d) = -d**3 - 26*d**2 + 28*d + 67. Give g(-27).
40
Let f(k) = -39*k**3 + 7*k**2 - 5*k + 1. Calculate f(1).
-36
Let q(i) = -277*i - 1717. Give q(-6).
-55
Let i(l) = l**3 + 53*l**2 - 3*l - 3. Give i(-2).
207
Let p(u) = u**3 + 16*u**2 - 4*u - 15. Calculate p(-17).
-236
Let f(w) = 69*w - 3881. Calculate f(54).
-155
Let y(j) = 2*j**2 - 32*j - 1227. Give y(-18).
-3
Let b(j) = 285*j - 7459. Determine b(26).
-49
Let q(h) = h**3 + 23*h**2 - 76*h + 64. Calculate q(-26).
12
Let x(a) = -413*a - 9914. Calculate x(-24).
-2
Let h(j) = 82*j + 661. Calculate h(-7).
87
Let t(r) = -14*r**2 - 63*r + 16. What is t(-5)?
-19
Let j(h) = 6*h**2 - 20*h - 98. Calculate j(7).
56
Let y(n) = 4599*n + 36761. Determine y(-8).
-31
Let q(c) = 41*c**2 + 236*c + 227. Determine q(-1).
32
Let n(u) = 2*u**2 + 22*u + 60. Determine n(-7).
4
Let c(i) = -6*i**2 + 21*i. What is c(4)?
-12
Let s(b) = -b**2 + 30*b - 223. What is s(21)?
-34
Let y(g) = g**2 + 31*g - 99. Determine y(3).
3
Let b(i) = -116*i + 12522. What is b(108)?
-6
Let h(j) = 1633*j + 66952. Give h(-41).
-1
Let j(f) = f**2 + 274*f - 2834. Determine j(10).
6
Let t(f) = 193*f + 1931. Give t(-10).
1
Let h(r) = r**2 - 18*r - 398. Calculate h(-16).
146
Let y(i) = -36*i - 494. Determine y(-25).
406
Let f(g) = -2*g**3 - 2*g**2 + 4. Give f(-5).
204
Let y(d) = -2*d**3 + d**2 + 16*d - 13. Determine y(5).
-158
Let l(q) = -q**3 + 17*q**2 + 8*q - 371. Give l(16).
13
Let y(a) = 174*a - 21762. Determine y(125).
-12
Let x(n) = -3*n**2 + 13*n + 24. What is x(6)?
-6
Let i(o) = -13854*o + 110836. What is i(8)?
4
Let x(d) = 2*d**3 + 6*d**2 - 67*d - 193. What is x(-3)?
8
Let q(c) = -c**3 + 16*c**2 - 14*c + 70. Calculate q(14).
266
Let m(z) = 2386*z - 54895. Give m(23).
-17
Let l(n) = -104*n + 4252. What is l(41)?
-12
Let y(s) = -s**3 + 10*s**2 + 59*s - 227. What is y(13)?
33
Let o(w) = 101*w + 86. What is o(-2)?
-116
Let o(d) = -105*d - 336. Give o(-3).
-21
Let t(p) = -58*p - 3832. Calculate t(-66).
-4
Let h(y) = -11*y + 1368. What is h(124)?
4
Let d(j) = -j**3 - 5*j**2 + 270*j + 34. Give d(14).
90
Let v(d) = 225*d - 664. Calculate v(3).
11
Let h(m) = -343*m + 4113. Calculate h(12).
-3
Let p(d) = -d**3 + 40*d**2 + 276*d - 9. Calculate p(46).
-9
Let i(k) = 9*k**2 + 21*k + 117. What is i(-6)?
315
Let c(y) = -y**3 + 23*y**2 + 22*y + 675. Give c(25).
-25
Let g(n) = -14*n**2 - 6*n - 2. Give g(0).
-2
Let d(t) = t**2 + 5*t - 205. What is d(-14)?
-79
Let w(u) = -u**3 + 41*u**2 + 45*u - 131. What is w(42)?
-5
Let j(f) = 8*f**2 - 1096*f + 3225. Calculate j(3).
9
Let q(f) = -2*f**2 - 7*f + 326. Determine q(12).
-46
Let g(s) = -3*s**2 - 174*s + 10. Calculate g(-56).
346
Let u(z) = -2*z**2 - 72*z - 248. Give u(-32).
8
Let l(m) = m**2 - 15*m - 837. Calculate l(-22).
-23
Let v(u) = -220*u - 6385. What is v(-29)?
-5
Let o(j) = j**3 + j**2 - 11*j + 9. Calculate o(-3).
24
Let h(c) = -2*c**2 - 107*c + 20940. Determine h(79).
5
Let a(n) = 906*n - 9959. What is a(11)?
7
Let f(w) = -2*w**2 + 8*w - 5. Give f(-11).
-335
Let d(c) = -850*c**2 + 853*c + 3. Give d(1).
6
Let i(d) = -28*d + 1708. Calculate i(62).
-28
Let v(i) = -77*i - 5076. Give v(-66).
6
Let l(z) = -3*z**2 + 79*z - 156. Determine l(24).
12
Let t(f) = 320*f + 2541. Determine t(-8).
-19
Let c(b) = -b**3 + 38*b**2 + 44*b - 165. Determine c(39).
30
Let a(n) = -2*n**2 + 134*n - 1366. Give a(13).
38
Let p(a) = 4*a - 26. Give p(11).
18
Let n(c) = c**2 - 35*c - 757. Give n(50).
-7
Let v(p) = -144*p + 442. What is v(3)?
10
Let t(b) = 3*b**2 - 251*b + 726. What is t(3)?
0
Let a(h) = 3*h**2 + 83*h - 1137. Give a(10).
-7
Let i(f) = 8049*f - 32201. Determine i(4).
-5
Let c(r) = -r**2 + 683*r - 4055. Determine c(6).
7
Let b(g) = 888*g - 5362. Calculate b(6).
-34
Let k(x) = x**2 + 122*x - 4515. Determine k(30).
45
Let g(a) = -6*a**2 - 110*a - 564. Calculate g(-5).
-164
Let y(b) = -3*b**2 + 11*b + 28. Give y(5).
8
Let i(s) = 2*s**3 - 3*s + 11. Calculate i(0).
11
Let m(c) = c**3 - 6*c**2 - 53*c + 20. What is m(-5)?
10
Let m(h) = -18*h**2 - 2*h + 6. Calculate m(2).
-70
Let m(q) = 278*q + 30020. Give m(-108).
-4
Let s(w) = w**2 - 182*w + 7663. What is s(116)?
7
Let y(c) = 31*c + 137. Give y(-3).
44
Let p(f) = -13*f + 11. Determine p(-5).
76
Let v(i) = -2*i**2 + 44*i - 222. Determine v(5).
-52
Let g(k) = -2*k**2 + 1654*k - 13110. Calculate g(8).
-6
Let u(s) = 2*s**3 + 2*s**2 - s - 10. Give u(0).
-10
Let z(q) = -q**3 + 23*q**2 + 25*q - 37. Determine z(24).
-13
Let q(d) = -541*d - 2700. What is q(-5)?
5
Let c(i) = -694*i - 28463. Determine c(-41).
-9
Let n(a) = 2*a**3 - 21*a + 13. Determine n(-6).
-293
Let a(o) = 4*o**3 - 25*o**2 + 70*o + 38. Give a(5).
263
Let d(o) = 50*o - 1209. Determine d(24).
-9
Let k(n) = -20*n + 13. What is k(2)?
-27
Let q(l) = -83*l**2 + 248*l + 43. Determine q(3).
40
Let a(p) = p**3 - 113*p**2 + 1582*p - 475. Give a(16).
5
Let c(l) = -l**3 - 56*l**2 + 60*l + 170. Determine c(-57).
-1
Let t(r) = 14*r**2 + 11*r + 12. Calculate t(-2).
46
Let d(f) = -36*f**2 - 634*f + 34. Determine d(-17).
408
Let v(s) = s**3 - 37*s**2 - 33*s - 94. Determine v(38).
96
Let u(m) = m**3 - 30*m**2 - 1044*m + 31357. Give u(32).
-3
Let r(s) = 102*s + 142. Calculate r(-2).
-62
Let t(a) = 19524*a + 97613. Determine t(-5).
-7
Let f(p) = p**3 + 33*p**2 + 31*p + 1030. Determine f(-33).
7
Let x(d) = 6*d**2 - 17*d + 2. What is x(-2)?
60
Let n(g) = -52*g - 1416. Calculate n(-27).
-12
Let d(v) = v**2 - 738*v - 8999. Determine d(-12).
1
Let m(u) = 161*u - 40. What is m(-2)?
-362
Let h(t) = -t**2 - t + 14. Determine h(3).
2
Let a(w) = -165*w + 3874. Determine a(23).
79
Let b(w) = w**3 - 19*w**2 + 49*w - 109. Calculate b(16).
-93
Let c(h) = -1383*h + 24929. What is c(18)?
35
Let a(d) = -d**2 + 45*d - 68. What is a(34)?
306
Let l(b) = b**3 - 7*b**2 - 18*b + 88. What is l(7)?
-38
Let u(f) = -1854*f + 7421. Give u(4).
5
Let x(u) = 149*u - 1495. Determine x(10).
-5
Let f(o) = 32*o - 444. Calculate f(15).
36
Let b(h) = -263*h - 751. Determine b(-3).
38
Let q(y) = 6*y**2 + 115*y + 23. What is q(-19)?
4
Let f(h) = -2*h**3 - 23*h**2 + 39*h + 34. What is f(-13)?
34
Let x(c) = -c**2 - 71*c - 934. What is x(-33)?
320
Let y(a) = 14*a**3 + 3*a**2 + 502*a + 498. Calculate y(-1).
-15
Let s(t) = t**2 + 73*t - 762. Calculate s(-83).
68
Let f(q) = -2*q**3 + 21*q**2 + 5*q - 36. Calculate f(10).
114
Let n(z) = -18*z**2 + 803*z + 309. What is n(45)?
-6
Let b(q) = 16*q**2 + 9*q + 20. Give b(-2).
66
Let b(n) = 4*n**3 + 2*n**2 + 1. Determine b(3).
127
Let a(s) = -10297*s - 72077. Calculate a(-7).
2
Let x(n) = 2*n**3 + 217*n**2 - 324*n + 666. What is x(-110)?
6
Let y(v) = -2*v + 114. Give y(14).
86
Let q(i) = -5*i - 63. Determine q(16).
-143
Let d(r) = -r**3 + 106*r**2 - 2727*r - 50. Determine d(62).
12
Let s(h) = h**2 + 42*h + 167. What is s(-41)?
126
Let b(n) = -n**3 - 447*n**2 - 2634*n + 71. Determine b(-6).
-1
Let d(b) = b**3 - 29*b**2 + 172*b + 87. Calculate d(12).
-297
Let g(b) = -23*b + 1500. Determine g(36).
672
Let h(m) = m**2 - 162*m + 6573. Calculate h(81).
12
Let p(a) = 64*a - 772. Determine p(17).
316
Let x(d) = -d**3 + 95*d**2 - 1052*d - 1145. Determine x(82).
3
Let p(h) = -2*h**3 - 10*h**2 + 33*h + 24. What is p(4)?
-132
Let c(x) = x**3 + 11*x**2 - 26*x + 22. Determine c(-10).
382
Let m(s) = s**2 - 39*s + 189. What is m(0)?
189
Let r(y) = 65*y + 651. What is r(-10)?
1
Let r(j) = -114*j + 2113. Calculate r(18).
61
Let h(x) = -995*x + 59712. Calculate h(60).
12
Let l(r) = r**3 - 14*r**